et h(k) = 48*k + 9. List the prime factors of h(13).
3, 211
Let u = 79 + -29. Suppose -u*m - 184 = -52*m. What are the prime factors of m?
2, 23
Suppose 2*g = 117 + 203. List the prime factors of g.
2, 5
Suppose -21*s = -1397 - 1039. Suppose 0 = n - 11*k + 7*k - 84, -2*n + s = 5*k. List the prime factors of n.
2, 17
Suppose -570 = -2*n + 6*n + c, -2*n + 2*c = 280. Let m = -44 - n. List the prime factors of m.
2, 7
Let i(s) be the third derivative of -12*s**2 + 0*s - 3/20*s**5 + 0 + 1/6*s**4 - 13/6*s**3 + 1/120*s**6. What are the prime factors of i(9)?
23
Let g = -19 + 13. Let i = g + -2. Let t = i + 43. What are the prime factors of t?
5, 7
Let w(j) = 23*j - 173. What are the prime factors of w(32)?
563
Let y be (1/(-2))/(13/78). List the prime factors of 187 - y - (-1 + -2).
193
Let r(n) = 2*n - 4*n - 24*n - 12*n - 3. What are the prime factors of r(-3)?
3, 37
Let h be ((-91)/(-3) - -1) + 18/27. Let p = h + -8. What are the prime factors of p?
2, 3
Let u = -80 + 543. What are the prime factors of u?
463
Suppose 0*h - 4*w = 4*h + 64, w + 44 = -3*h. Let v(p) = -p**3 + 9*p**2 - 11*p + 6. Let y be v(7). Let i = h + y. What are the prime factors of i?
13
List the prime factors of 535/1 - -6 - 10.
3, 59
Let m(w) = 14*w**3 + 4*w**2 - 4*w + 7. List the prime factors of m(4).
3, 317
Suppose -20*u = 31*u - 43044. List the prime factors of u.
2, 211
What are the prime factors of (-1 - 1331/(-2))*124/186?
443
Let k(n) = 13*n - 101. What are the prime factors of k(32)?
3, 5, 7
Suppose 4*t = 2*m + 70, m = -5*t + t + 85. Let f = t - 13. What are the prime factors of f?
7
What are the prime factors of 4352 - 2*(-13)/26?
3, 1451
Suppose -24*g - 1236 = -14532. List the prime factors of g.
2, 277
Suppose -21*t + 23*t = 6. Suppose -513 = -3*g + m, 2*g + t*m - 167 = 186. List the prime factors of g.
2, 43
Let q = -445 - -1579. What are the prime factors of q?
2, 3, 7
Suppose -5*h - 25 = 0, -5*c = -2*h - 448 + 68. List the prime factors of c.
2, 37
List the prime factors of ((-659500)/15)/(-10) + (-4)/6.
2, 7, 157
Let j = -34 + 111. Let f = j - -53. What are the prime factors of f?
2, 5, 13
Let u(p) = 43*p**2 + p + 1. Let g be u(-1). Suppose 2*j + 5*f = 105, -3*j + f - g = -209. Suppose 2*c = j + 13. List the prime factors of c.
2, 17
Let f be (-2)/(-3) + 6/(-9). Let r be 3 - (f - (-1 - -1)). Suppose 0*x = r*x - 15. What are the prime factors of x?
5
Let r(o) = -2*o + 29. Let c be r(0). Let j = c + -23. Let g = 44 - j. List the prime factors of g.
2, 19
Let u(f) = f**3 + 6*f**2 - 10*f - 16. Let w be u(-7). Suppose 2*q - q + 298 = w*c, 2*q - 112 = -2*c. What are the prime factors of c?
59
Suppose 4*t - 7750 = 2*c + 1866, 5*c = -10. What are the prime factors of t?
3, 89
Let m = 16 + -23. Let o be 258 + 0 - (-4 - m). Suppose -4*c - 153 = -3*z, -2*c = -5*z + 3*c + o. What are the prime factors of z?
3, 17
List the prime factors of (5760/(-42))/((-6)/56).
2, 5
Let n = 775 + -608. What are the prime factors of n?
167
Suppose -2*o = -5*z + 4*z - 8, -2*z = -3*o + 11. Suppose -2*p = 5*q - 239, -q - 4*q + z*p = -231. List the prime factors of q.
47
Suppose 12 = 5*q + 2. Suppose 5*h - 2*h = -t - 6, q*h = -t - 4. List the prime factors of 2208/44 - h/(-11).
2, 5
Let v be 0/(((-4)/(-10))/(2/10)). Suppose 8*l + 3*l - 968 = v. What are the prime factors of l?
2, 11
Suppose 6*n = n + 2*z, -n + 3 = -z. Let b(r) = -r**2 - 4*r - 3. Let i be b(n). Let c = 37 - i. List the prime factors of c.
2, 3
Let u(c) be the second derivative of -8*c**3 + 21*c**2/2 - 25*c. What are the prime factors of u(-3)?
3, 5, 11
Suppose 0 = -529*z + 530*z - 2669. List the prime factors of z.
17, 157
Let l be (-4)/6 - (-24)/9. What are the prime factors of (-245)/(-6) - l/(-12)?
41
Let d = 863 - 349. List the prime factors of d.
2, 257
Let b = 0 + 2. Suppose -69 = -3*w + y, -23 = -3*w + b*w - 3*y. Suppose 3*m - w = 40. List the prime factors of m.
3, 7
Let z(g) = 6*g - 3 + 3*g**2 - 3 + 2 - 2*g**2. Let v be 18/(4/(-2)) - 0. List the prime factors of z(v).
23
Let u(b) = 11*b**2 + 10*b - 1. Let w be u(-5). Let v = w - 126. List the prime factors of v.
2, 7
Let o(l) = 4*l**3 + 3*l**2 - 2*l + 2. Let p = 12 + -10. What are the prime factors of o(p)?
2, 3, 7
Suppose -z + 2*n = 6, -3*z + 0*n - 5*n = -4. Let i be 142/1*z/4. Let d = 133 + i. What are the prime factors of d?
2, 31
Let t(l) = l**2 + 9. Let d be t(0). Suppose -3*o = 4*b + 18, -5*b - 5*o - d = 16. Let r(i) = -i**3 - i**2 - i. What are the prime factors of r(b)?
3, 7
Let g(w) = -3*w**2 - 8*w + 3. Let k be g(-3). Suppose -2*v + 7*v - 1210 = k. What are the prime factors of v?
2, 11
Suppose -816*u + 820*u - 2636 = 0. List the prime factors of u.
659
Let o be 12234/8 - 3/12. Suppose -2*l + 1230 = 2*l + 5*v, 2*v = -5*l + o. Suppose -4*g = g - l. List the prime factors of g.
61
Let o be (-2 + -1 + 0)*25. Let z = 186 + o. What are the prime factors of z?
3, 37
Let t(r) be the first derivative of 2*r**2 - 3*r + 135. Suppose -4*g + 6 = -g. What are the prime factors of t(g)?
5
Let i(g) = -4*g**3 + 61 + 6*g**2 - 128 + 4*g + 66 + 5*g**3. Let s(y) = y**2 - 8*y + 7. Let m be s(6). What are the prime factors of i(m)?
2
Suppose c - 612 = -4*i + 2784, -i + 2*c = -840. What are the prime factors of i?
2, 53
Let x(a) = -5*a**3 - 7*a**2 + 8*a - 7. What are the prime factors of x(-5)?
13, 31
Let u(r) = r**3 - 11*r**2 + 2*r - 11. Suppose 3*z - 29 = -5*l + l, -4*l - 48 = -4*z. Let q be u(z). What are the prime factors of (q/3)/(1/9)?
3, 11
Let h be -2*3/18*-9. What are the prime factors of 278/(h - 1) - -1?
2, 5, 7
Let n = -401 + 251. Let a be (n/(-20))/(1/(-2)). Let k = a - -34. What are the prime factors of k?
19
Suppose 2*r + 361 + 290 = o, r = -4*o - 303. Let d = -29 - r. What are the prime factors of d?
2, 3, 7
Suppose -2*q + 1618 = -l, 28*q + 4045 = 33*q + 4*l. What are the prime factors of q?
809
Let y = -76 + 81. Suppose -95 = -y*n + 530. What are the prime factors of n?
5
Let w(v) = v**2 - v - 16. Let z be w(5). List the prime factors of z/(12/(-393))*-1.
131
Let s = 1504 + -944. List the prime factors of s.
2, 5, 7
Let x(l) = -18*l - 26. List the prime factors of x(-27).
2, 5, 23
Let t be 17/(-51) + (-221)/3. Let p = 57 - t. List the prime factors of p.
131
Suppose -5*z + 66 = -64. Suppose 4*t = -6 + z. Suppose 0 = -t*r + 9*r - 64. What are the prime factors of r?
2
Let l = -60 - -63. Suppose -3*a = -4*s + 676, -l*s + a + 801 = 289. List the prime factors of s.
2, 43
Suppose -p - d = -681, p - 291 = 2*d + 381. List the prime factors of p.
2, 3, 113
Let c = -33 + 19. Let p = c - -17. List the prime factors of (p + 117/(-6))*-2.
3, 11
Suppose 3*g + 2 - 113 = 0. Let t = g - 27. What are the prime factors of t?
2, 5
Let s = -30 - -32. List the prime factors of 12*(s + 3) + 2.
2, 31
Let p be (-2)/5 - 42/70. What are the prime factors of (p + (-955)/(-5))*(-1)/(-1)?
2, 5, 19
What are the prime factors of (-1 + 49/(-14))/((-3)/720)?
2, 3, 5
Suppose 0 = -4*h + 5*h + 3. List the prime factors of (75/20 - 4)*24/h.
2
Let w be (1005/(-20))/((-9)/24). Let h = w - 69. What are the prime factors of h?
5, 13
Let x = 14 - 12. Suppose 4*b = x*b + 106. List the prime factors of b.
53
Let m(j) = j**3 - 10*j**2 + 8*j + 12. Let x(t) = t**2 - 4*t + 5. Let p be x(6). Let q = p + -8. List the prime factors of m(q).
3
Let k = 287 + -54. What are the prime factors of k?
233
Suppose -3*v + 4*w + 16 = -0*v, -2*v + 5*w = -13. Let l(d) = d**3 - 6*d**2 + 8*d + 2. What are the prime factors of l(v)?
2
Let u = 80 + -1. Let q = 191 - u. What are the prime factors of q?
2, 7
Suppose 0 = -g - 2*p + 1 + 3, 5*p = 0. Suppose g*x - 113 = 171. What are the prime factors of x?
71
Let x = -256 + 479. Let s = x - 51. List the prime factors of s.
2, 43
Let c = 367 - 145. Suppose 0 = -j - 2 + 5, 3*w + 4*j - c = 0. What are the prime factors of w?
2, 5, 7
Let f(b) = 296*b - 216. What are the prime factors of f(5)?
2, 79
Suppose -2*a = 5*g - 13498, 0*g + 4*a = 2*g - 5404. List the prime factors of g.
2, 3, 5
Let p be 1/(-4 - 2100/(-524)). Suppose -3*j - 81 = -2*u, 0*u + 3*u - p = -5*j. What are the prime factors of u?
2, 3, 7
Let c be (1 - (-74 + 3))*1. List the prime factors of ((-2)/3)/((-8)/c).
2, 3
Let m = 182 + -119. Let g = m - 30. Let h = -22 + g. What are the prime factors of h?
11
Suppose 188*y + 111